{"id":15,"date":"2023-01-23T23:09:03","date_gmt":"2023-01-24T05:09:03","guid":{"rendered":"https:\/\/parentesisnueve.com\/?page_id=15"},"modified":"2023-04-09T21:02:09","modified_gmt":"2023-04-10T03:02:09","slug":"15-anos","status":"publish","type":"page","link":"https:\/\/parentesisnueve.com\/index.php\/15-anos\/","title":{"rendered":"XV A\u00d1OS"},"content":{"rendered":"\n<h2 class=\"wp-block-heading alignfull has-text-align-center has-white-color has-text-color has-x-large-font-size uag-hide-tab uag-hide-mob\">XV A\u00d1OS<\/h2>\n\n\n\n<h2 class=\"wp-block-heading alignfull has-text-align-center has-white-color has-text-color has-large-font-size uag-hide-desktop uag-hide-mob\">XV A\u00d1OS<\/h2>\n\n\n\n<h2 class=\"wp-block-heading alignfull has-text-align-center has-white-color has-text-color has-medium-font-size uag-hide-desktop uag-hide-tab\">XV A\u00d1OS<\/h2>\n\n\n\n<figure class=\"wp-block-gallery alignfull has-nested-images columns-default is-cropped wp-block-gallery-1 is-layout-flex\">\n<figure class=\"wp-block-image size-large\"><img decoding=\"async\" loading=\"lazy\" width=\"681\" height=\"1024\" data-id=\"57\"  src=\"https:\/\/parentesisnueve.com\/wp-content\/uploads\/2023\/01\/IMG_2076-681x1024.jpg\" alt=\"\" class=\"wp-image-57\" srcset=\"https:\/\/parentesisnueve.com\/wp-content\/uploads\/2023\/01\/IMG_2076-681x1024.jpg 681w, https:\/\/parentesisnueve.com\/wp-content\/uploads\/2023\/01\/IMG_2076-199x300.jpg 199w, https:\/\/parentesisnueve.com\/wp-content\/uploads\/2023\/01\/IMG_2076-768x1155.jpg 768w, https:\/\/parentesisnueve.com\/wp-content\/uploads\/2023\/01\/IMG_2076-1021x1536.jpg 1021w, https:\/\/parentesisnueve.com\/wp-content\/uploads\/2023\/01\/IMG_2076-1362x2048.jpg 1362w, https:\/\/parentesisnueve.com\/wp-content\/uploads\/2023\/01\/IMG_2076-scaled.jpg 1702w\" sizes=\"(max-width: 681px) 100vw, 681px\" \/><\/figure>\n\n\n\n<figure class=\"wp-block-image alignfull size-large\"><img decoding=\"async\" loading=\"lazy\" width=\"1024\" height=\"714\" data-id=\"56\"  src=\"https:\/\/parentesisnueve.com\/wp-content\/uploads\/2023\/01\/IMG_0575-1024x714.jpg\" alt=\"\" class=\"wp-image-56\" srcset=\"https:\/\/parentesisnueve.com\/wp-content\/uploads\/2023\/01\/IMG_0575-1024x714.jpg 1024w, https:\/\/parentesisnueve.com\/wp-content\/uploads\/2023\/01\/IMG_0575-300x209.jpg 300w, https:\/\/parentesisnueve.com\/wp-content\/uploads\/2023\/01\/IMG_0575-768x535.jpg 768w, https:\/\/parentesisnueve.com\/wp-content\/uploads\/2023\/01\/IMG_0575-1536x1070.jpg 1536w, https:\/\/parentesisnueve.com\/wp-content\/uploads\/2023\/01\/IMG_0575.jpg 2048w\" sizes=\"(max-width: 1024px) 100vw, 1024px\" \/><\/figure>\n\n\n\n<figure class=\"wp-block-image alignfull size-large\"><img decoding=\"async\" loading=\"lazy\" width=\"791\" height=\"1024\" data-id=\"58\"  src=\"https:\/\/parentesisnueve.com\/wp-content\/uploads\/2023\/01\/IMG_2442-791x1024.jpg\" alt=\"\" class=\"wp-image-58\" srcset=\"https:\/\/parentesisnueve.com\/wp-content\/uploads\/2023\/01\/IMG_2442-791x1024.jpg 791w, https:\/\/parentesisnueve.com\/wp-content\/uploads\/2023\/01\/IMG_2442-232x300.jpg 232w, https:\/\/parentesisnueve.com\/wp-content\/uploads\/2023\/01\/IMG_2442-768x994.jpg 768w, https:\/\/parentesisnueve.com\/wp-content\/uploads\/2023\/01\/IMG_2442-1187x1536.jpg 1187w, https:\/\/parentesisnueve.com\/wp-content\/uploads\/2023\/01\/IMG_2442-1582x2048.jpg 1582w, https:\/\/parentesisnueve.com\/wp-content\/uploads\/2023\/01\/IMG_2442-scaled.jpg 1978w\" sizes=\"(max-width: 791px) 100vw, 791px\" \/><\/figure>\n<\/figure>\n","protected":false},"excerpt":{"rendered":"<p>XV A\u00d1OS XV A\u00d1OS XV A\u00d1OS<\/p>\n","protected":false},"author":1,"featured_media":0,"parent":0,"menu_order":0,"comment_status":"closed","ping_status":"closed","template":"","meta":{"site-sidebar-layout":"default","site-content-layout":"default","ast-global-header-display":"","ast-main-header-display":"","ast-hfb-above-header-display":"","ast-hfb-below-header-display":"","ast-hfb-mobile-header-display":"","site-post-title":"disabled","ast-breadcrumbs-content":"","ast-featured-img":"","footer-sml-layout":"","theme-transparent-header-meta":"","adv-header-id-meta":"","stick-header-meta":"","header-above-stick-meta":"","header-main-stick-meta":"","header-below-stick-meta":""},"_links":{"self":[{"href":"https:\/\/parentesisnueve.com\/index.php\/wp-json\/wp\/v2\/pages\/15"}],"collection":[{"href":"https:\/\/parentesisnueve.com\/index.php\/wp-json\/wp\/v2\/pages"}],"about":[{"href":"https:\/\/parentesisnueve.com\/index.php\/wp-json\/wp\/v2\/types\/page"}],"author":[{"embeddable":true,"href":"https:\/\/parentesisnueve.com\/index.php\/wp-json\/wp\/v2\/users\/1"}],"replies":[{"embeddable":true,"href":"https:\/\/parentesisnueve.com\/index.php\/wp-json\/wp\/v2\/comments?post=15"}],"version-history":[{"count":14,"href":"https:\/\/parentesisnueve.com\/index.php\/wp-json\/wp\/v2\/pages\/15\/revisions"}],"predecessor-version":[{"id":1226,"href":"https:\/\/parentesisnueve.com\/index.php\/wp-json\/wp\/v2\/pages\/15\/revisions\/1226"}],"wp:attachment":[{"href":"https:\/\/parentesisnueve.com\/index.php\/wp-json\/wp\/v2\/media?parent=15"}],"curies":[{"name":"wp","href":"https:\/\/api.w.org\/{rel}","templated":true}]}}